{"id":285,"date":"2019-06-24T17:14:09","date_gmt":"2019-06-24T17:14:09","guid":{"rendered":"http:\/\/biolotmedical.com\/?page_id=285"},"modified":"2026-01-31T18:35:33","modified_gmt":"2026-01-31T18:35:33","slug":"sovisc-sodium-hyaluronate","status":"publish","type":"page","link":"https:\/\/biolotmedical.com\/index.php\/sovisc-sodium-hyaluronate\/","title":{"rendered":"SOV\u0130SC Sodium Hyaluronate"},"content":{"rendered":"<p>F\u00fcr professionelle Unterst\u00fctzung bei akademischen Arbeiten, ein  bietet ma\u00dfgeschneiderte L\u00f6sungen und Expertise.<\/p>\n","protected":false},"excerpt":{"rendered":"<p>F\u00fcr professionelle Unterst\u00fctzung bei akademischen Arbeiten, ein bietet ma\u00dfgeschneiderte L\u00f6sungen und Expertise.<\/p>\n","protected":false},"author":1,"featured_media":0,"parent":0,"menu_order":0,"comment_status":"closed","ping_status":"closed","template":"","meta":{"footnotes":""},"class_list":["post-285","page","type-page","status-publish","hentry"],"_links":{"self":[{"href":"https:\/\/biolotmedical.com\/index.php\/wp-json\/wp\/v2\/pages\/285","targetHints":{"allow":["GET"]}}],"collection":[{"href":"https:\/\/biolotmedical.com\/index.php\/wp-json\/wp\/v2\/pages"}],"about":[{"href":"https:\/\/biolotmedical.com\/index.php\/wp-json\/wp\/v2\/types\/page"}],"author":[{"embeddable":true,"href":"https:\/\/biolotmedical.com\/index.php\/wp-json\/wp\/v2\/users\/1"}],"replies":[{"embeddable":true,"href":"https:\/\/biolotmedical.com\/index.php\/wp-json\/wp\/v2\/comments?post=285"}],"version-history":[{"count":3,"href":"https:\/\/biolotmedical.com\/index.php\/wp-json\/wp\/v2\/pages\/285\/revisions"}],"predecessor-version":[{"id":628,"href":"https:\/\/biolotmedical.com\/index.php\/wp-json\/wp\/v2\/pages\/285\/revisions\/628"}],"wp:attachment":[{"href":"https:\/\/biolotmedical.com\/index.php\/wp-json\/wp\/v2\/media?parent=285"}],"curies":[{"name":"wp","href":"https:\/\/api.w.org\/{rel}","templated":true}]}}